
1513
What is -1330123 (base 4) in base 15?
-255d
31111 (base 4) to base 6
3541
Convert -132244 (base 5) to base 16.
-14cc
5503 (base 6) to base 11
a49
-322 (base 5) to base 13
-69
10623 (base 7) to base 16
a98
-100010100100100 (base 2) to base 15
-53a0
What is -220233 (base 4) in base 15?
-b8c
428 (base 12) to base 15
2a8
1010434 (base 5) to base 7
65503
-3344 (base 5) to base 10
-474
What is 2841 (base 9) in base 13?
c8b
What is 46 (base 7) in base 11?
31
What is 11149 (base 11) in base 4?
3330102
-2873 (base 11) to base 16
-e7e
Convert -328 (base 13) to base 8.
-1035
What is -102000 (base 3) in base 2?
-100101001
Convert 2344 (base 5) to base 12.
251
23225 (base 8) to base 2
10011010010101
1bb (base 12) to base 2
100011111
Convert -a8c3 (base 13) to base 6.
-300413
Convert -a86 (base 11) to base 12.
-908
What is -10101 (base 2) in base 11?
-1a
-186 (base 14) to base 10
-314
-1505 (base 14) to base 7
-13605
-2102213 (base 4) to base 15
-2ba8
What is -1210220021 (base 3) in base 16?
-8b3f
Convert 121101 (base 4) to base 11.
1240
-1073 (base 11) to base 15
-641
Convert -1535d (base 14) to base 7.
-306646
-2d0 (base 16) to base 12
-500
What is 2030 (base 6) in base 8?
702
-1142341 (base 6) to base 2
-1110101100010101
Convert -a840 (base 12) to base 8.
-44060
What is 1ba (base 16) in base 6?
2014
What is -673 (base 9) in base 6?
-2320
Convert a0c (base 14) to base 9.
2631
Convert -12211022 (base 3) to base 10.
-4247
310331 (base 4) to base 16
d3d
What is -3314 (base 5) in base 2?
-111001011
-10100110000 (base 2) to base 9
-1735
Convert -3054 (base 6) to base 16.
-2aa
What is -1665 (base 13) in base 5?
-101134
What is -5673 (base 8) in base 10?
-3003
-1130023 (base 4) to base 7
-23125
What is -100323 (base 4) in base 5?
-13313
-658 (base 15) to base 5
-21213
331 (base 14) to base 11
524
Convert 143471 (base 8) to base 9.
76857
Convert 2121 (base 9) to base 15.
6dd
Convert -100100001 (base 2) to base 12.
-201
What is 11210102 (base 3) in base 13?
178a
What is -435 (base 8) in base 16?
-11d
What is 20542 (base 6) in base 16?
aee
What is -310 (base 12) in base 6?
-2020
What is -121100202 (base 3) in base 8?
-27227
-2120 (base 3) to base 10
-69
What is 11022 (base 3) in base 13?
8c
13421 (base 5) to base 12
787
What is -11320 (base 6) in base 11?
-1254
What is -110101111101 (base 2) in base 4?
-311331
Convert 678 (base 9) to base 13.
33b
Convert -5663 (base 10) to base 6.
-42115
Convert 32a (base 12) to base 11.
394
-337 (base 10) to base 3
-110111
What is 8a8 (base 13) in base 9?
2035
Convert -490 (base 10) to base 2.
-111101010
Convert -1122211220 (base 3) to base 12.
-16b06
Convert -262 (base 14) to base 13.
-2aa
Convert -35012 (base 6) to base 12.
-2a68
Convert 10431 (base 5) to base 13.
450
-100000010 (base 2) to base 12
-196
-1401 (base 7) to base 5
-4130
Convert 26042 (base 9) to base 2.
100010001111110
413 (base 9) to base 5
2321
What is -1011001110011000 (base 2) in base 7?
-251020
What is -4 (base 5) in base 7?
-4
346 (base 16) to base 5
11323
What is 517b (base 12) in base 15?
296e
What is -432422 (base 6) in base 13?
-13271
1102012110 (base 3) to base 15
83b9
Convert -893b (base 13) to base 14.
-6d99
Convert -1001001010110111 (base 2) to base 14.
-d98b
What is 1014 (base 10) in base 16?
3f6
What is 101101110111100 (base 2) in base 10?
23484
What is -32224 (base 5) in base 9?
-3002
What is 4562 (base 10) in base 4?
1013102
Convert 10110001010001 (base 2) to base 8.
26121
Convert 14348 (base 10) to base 2.
11100000001100
Convert 444 (base 11) to base 8.
1024
What is 7b8 (base 15) in base 9?
2352
-1d3 (base 16) to base 2
-111010011
301312 (base 4) to base 9
4334
2042 (base 8) to base 2
10000100010
What is -1256 (base 11) in base 6?
-11322
13150 (base 6) to base 9
2673
Convert 10001000111 (base 2) to base 13.
663
What is -1220 (base 11) in base 4?
-120323
What is -420 (base 8) in base 5?
-2042
Convert 1967 (base 12) to base 14.
11b9
What is 20423 (base 5) in base 6?
10151
-3825 (base 13) to base 8
-17446
10588 (base 9) to base 16
1b86
What is 525b (base 13) in base 16?
2c87
-25616 (base 7) to base 10
-6824
Convert 3ccb (base 14) to base 13.
4b8c
11002 (base 3) to base 5
420
121011012 (base 3) to base 13
548c
-152 (base 13) to base 2
-11101100
Convert -2e72 (base 16) to base 3.
-121022101
d56 (base 16) to base 15
1029
Convert -5105 (base 6) to base 4.
-101201
What is 2b (base 12) in base 5?
120
Convert -23a (base 13) to base 9.
-470
2a68 (base 14) to base 9
11307
8c8 (base 13) to base 6
11004
What is 6910 (base 11) in base 13?
419c
What is 143015 (base 6) in base 5?
413434
Convert 1723 (base 9) to base 11.
a98
Convert e548 (base 15) to base 14.
13923
Convert 10d (base 16) to base 3.
100222
What is -534 (base 13) in base 14?
-476
Convert 34b2 (base 12) to base 3.
22002022
Convert 770a (base 11) to base 7.
41443
Convert -16214 (base 7) to base 11.
-3483
-3010 (base 5) to base 14
-1d2
What is 20000100 (base 3) in base 12?
2653
Convert 2002322 (base 4) to base 6.
102442
4143 (base 5) to base 12
398
What is -254 (base 14) in base 16?
-1d2
What is -13002 (base 4) in base 8?
-702
Convert -4133 (base 5) to base 13.
-32a
-311 (base 7) to base 9
-182
16072 (base 11) to base 7
123125
What is -35444 (base 12) in base 2?
-10001011100110100
Convert 7260 (base 9) to base 11.
3aa6
What is 286 (base 16) in base 14?
342
1c7 (base 13) to base 4
11030
Convert -23443 (base 5) to base 13.
-a46
What is -2ab44 (base 12) in base 13?
-21643
-23807 (base 12) to base 2
-1011101011000111
What is 152403 (base 7) in base 14?
ab73
What is 8421 (base 9) in base 2?
1100000011111
What is -1102020121 (base 3) in base 12?
-14174
Convert -3016 (base 10) to base 14.
-1156
5724 (base 13) to base 11
918a
What is -13026 (base 8) in base 3?
-21202102
Convert -1022112122 (base 3) to base 12.
-12bb2
What is 13774 (base 8) in base 4?
1133330
Convert -2431 (base 5) to base 4.
-11232
What is -121202120 (base 3) in base 12?
-70a3
-161 (base 8) to base 14
-81
Convert 1003002 (base 6) to base 7.
254630
775 (base 10) to base 4
30013
What is 2393 (base 14) in base 5?
144310
What is -607 (base 14) in base 4?
-102133
What is -343540 (base 6) in base 3?
-1111021120
Convert -1010001210 (base 3) to base 10.
-21918
What is -100 (base 9) in base 15?
-56
2671 (base 12) to base 4
1010311
What is -1648 (base 11) in base 15?
-959
Convert 1c7 (base 14) to base 15.
19b
1154 (base 12) to base 5
30221
What is -1114401 (base 5) in base 6?
-232252
What is -6406 (base 7) in base 8?
-4324
What is 5413 (base 6) in base 14?
641
What is -7a5 (base 11) in base 5?
-12322
What is 12e (base 15) in base 4?
10031
Convert -36a (base 12) to base 15.
-244
Convert 22504 (base 7) to base 16.
1669
Convert -1250 (base 7) to base 12.
-338
-1011002002 (base 3) to base 4
-11201333
346 (base 8) to base 7
446
Convert -2222 (base 4) to base 14.
-c2
Convert 4840 (base 11) to base 7.
24321
b6b9 (base 12) to base 2
100111000101101
b7 (base 14) to base 11
137
480 (base 14) to base 11
745
Convert 11010110 (base 2) to base 16.
d6
Convert 132162 (base 7) to base 11.
17696
What is -24331 (base 8) in base 16?
-28d9
What is 3032322 (base 4) in base 14?
4b7c
What is -887 (base 9) in base 16?
-2d7
What is 693 (base 15) in base 16?
5d0
What is -1a6 (base 15) in base 10?
-381
What is 16f5 (base 16) in base 14?
21db
1725 (base 15) to base 16
1379
What is 2200 (base 4) in base 6?
424
Convert 125 (base 8) to base 3.
10011
What is 1012011 (base 4) in base 5?
120420
Convert -11322 (base 8) to base 14.
-1a82
Convert 235 (base 7) to base 13.
97
What is 111222 (base 3) in base 2?
101111001
What is -170da (base 14) in base 4?
-32013120
Convert -13324 (base 5) to base 15.
-4c9
What is 2176 (base 15) in base 2?
1101110101110
-141114 (base 5) to base 2
-1011010011000
What is -a187 (base 11) in base 15?
-401b
-155303 (base 8) to base 15
-118d8
What is 1219 (base 11) in base 10?
1593
Convert 17852 (base 9) to base 8.
30107
655b (base 15) to base 14
7b6d
What is 41650 (base 9) in base 8?
65560
What is 1db5 (base 14) in base 3?
21110220
-2110010 (base 3) to base 15
-7e0
Convert 21464 (base 7) to base 3.
21101112
Convert -609 (base 15) to base 2.
-10101001111
Convert -4ac (base 13) to base 14.
-426
What is -4024 (base 8) in base 12?
-1244
Convert -32235 (base 6